{"id":2,"date":"2021-09-10T20:10:37","date_gmt":"2021-09-10T18:10:37","guid":{"rendered":"http:\/\/qwruvzg.cluster031.hosting.ovh.net\/?page_id=2"},"modified":"2021-09-23T21:32:08","modified_gmt":"2021-09-23T19:32:08","slug":"page-d-exemple","status":"publish","type":"page","link":"https:\/\/dakuprojekt.com\/","title":{"rendered":"Witam !!!"},"content":{"rendered":"\n<p>Strona w przebudowie. Zapraszamy ponownie ju\u017c nied\u0142ugo. <\/p>\n\n\n\n<p>Zach\u0119camy do kontaktu z nami na <a href=\"mailto:kurpet@dakuprojekt.com\">kurpet@dakuprojekt.com<\/a><\/p>\n","protected":false},"excerpt":{"rendered":"<p>Strona w przebudowie. Zapraszamy ponownie ju\u017c nied\u0142ugo. Zach\u0119camy do kontaktu z nami na kurpet@dakuprojekt.com<\/p>\n","protected":false},"author":1,"featured_media":0,"parent":0,"menu_order":0,"comment_status":"closed","ping_status":"open","template":"","meta":[],"_links":{"self":[{"href":"https:\/\/dakuprojekt.com\/index.php\/wp-json\/wp\/v2\/pages\/2"}],"collection":[{"href":"https:\/\/dakuprojekt.com\/index.php\/wp-json\/wp\/v2\/pages"}],"about":[{"href":"https:\/\/dakuprojekt.com\/index.php\/wp-json\/wp\/v2\/types\/page"}],"author":[{"embeddable":true,"href":"https:\/\/dakuprojekt.com\/index.php\/wp-json\/wp\/v2\/users\/1"}],"replies":[{"embeddable":true,"href":"https:\/\/dakuprojekt.com\/index.php\/wp-json\/wp\/v2\/comments?post=2"}],"version-history":[{"count":6,"href":"https:\/\/dakuprojekt.com\/index.php\/wp-json\/wp\/v2\/pages\/2\/revisions"}],"predecessor-version":[{"id":52,"href":"https:\/\/dakuprojekt.com\/index.php\/wp-json\/wp\/v2\/pages\/2\/revisions\/52"}],"wp:attachment":[{"href":"https:\/\/dakuprojekt.com\/index.php\/wp-json\/wp\/v2\/media?parent=2"}],"curies":[{"name":"wp","href":"https:\/\/api.w.org\/{rel}","templated":true}]}}